2). Suppose -19 = 5*i - 139. Let y = i + -14. Calculate the highest common factor of y and c.
10
Suppose -2*l + 3*n = -4*l + 23, 0 = -2*l + n + 3. Suppose l*m = -j + 2*j - 31, 59 = 4*j - 3*m. What is the greatest common factor of 1 and j?
1
Let i(g) = 2*g**2 - 7*g + 4. Let q be i(4). Let z be (-8 - -7)*1*(2 - 2). Suppose z = 6*m - q*m + 28. Calculate the highest common factor of 21 and m.
7
Suppose -2*h = 3*i + 94, -h = -5*i - 0*i - 148. Let s = -22 - i. Calculate the greatest common factor of s and 16.
8
Let b be 310/6 + (-2)/(-6). Let h(a) = a**2 + 11*a - 74. Let l be h(8). Calculate the greatest common factor of b and l.
26
Suppose -4*i - 1 = -0*w + w, -2*w - 3*i = -3. Let p = 6 - w. Calculate the greatest common factor of p and 15.
3
Let y = -1 - -17. Suppose 0*o + 2*o = -y. Let h = 15 + o. Calculate the highest common factor of 21 and h.
7
Suppose -5*o + 56 = 3*k - 3, 4*k - 3*o - 69 = 0. Suppose -5*z + 24 + 9 = c, -2*c = -z. Calculate the highest common divisor of k and z.
6
Suppose y = 2*y - 8. Let l be (-201)/(-6) + (-4)/y. Calculate the greatest common divisor of l and 11.
11
Let a(f) = f + 8. Let c be a(-9). Let w be c/4 - 8/(-32). Suppose w = -r + 35 + 15. Calculate the highest common factor of r and 10.
10
Let f be ((-45)/(-10))/((-3)/4). Let q(l) = l**3 + 6*l**2 + l + 7. Let y be q(f). Calculate the highest common factor of y and 3.
1
Let m(l) = 10*l + 603. Let s be m(-58). What is the greatest common factor of 2047 and s?
23
Suppose 2*z - 5*f = 11, z = -3*f - 8 + 19. Calculate the greatest common divisor of z and 664.
8
Suppose 6*j = f + 9*j - 246, 0 = -3*f + j + 758. Calculate the greatest common divisor of 28 and f.
28
Let r = -35 + 37. Suppose 4*v + 26 = r*g, -3*v - 9 = -4*g + 18. What is the greatest common divisor of 3 and g?
3
Let j(x) = 8*x + 20. Let i be j(-2). Calculate the highest common factor of 190 and i.
2
Let n be 14308/224 - ((-3)/24)/1. Calculate the greatest common divisor of 20 and n.
4
Let i be ((-12)/10)/((-6)/(-40)). Let o(y) = 5*y**2 + y + 9. Let x be o(i). Suppose -x = -4*d + 39. What is the highest common factor of d and 10?
10
Let o be ((-9)/5)/(7/10 + -1). Let u be 45/(-6)*8/o*-1. What is the highest common factor of 4 and u?
2
Let c be 4206/10 + 66/(-110). What is the highest common divisor of c and 10?
10
Let r be 3382/8 - 2/(-8). Let d = -146 + r. Suppose -2*p + 13 = 5*l - 84, -l + d = 5*p. What is the highest common factor of p and 8?
8
Let m = -68 - -135. What is the greatest common factor of m and 67?
67
Let u = -51 + -12. Let f = u + 37. Let l = -5 - f. Calculate the highest common divisor of 84 and l.
21
Let z = 68 - 68. Suppose 4*i + 5*g + 2 = z, -4*i + 4*g = g - 14. Calculate the highest common factor of i and 2.
2
Suppose -26 = t - 98. Calculate the highest common factor of t and 36.
36
Let k be 4 + -23 + 6/(-3). Let a be 1 + (-1 - -3 - k). Let w be (-4 - (-24)/15)*-30. What is the greatest common factor of a and w?
24
Let c = 525 - 392. Calculate the highest common factor of 361 and c.
19
Suppose r = -2*r + 54. Let o(a) = -12*a - 3. Let u(q) = q**3 - 14*q**2 + q - 15. Let c be u(14). Let d be o(c). Calculate the greatest common factor of d and r.
9
Let j = 68 + -59. Suppose -u + j*u = 80. Calculate the highest common divisor of 70 and u.
10
Let s(o) = 13*o**3 + 3*o**2 + 20*o - 22. Let x be s(1). What is the greatest common factor of x and 287?
7
Suppose -w + 78*a = 79*a - 112, -2*w + 4*a = -254. Calculate the highest common divisor of 312 and w.
39
Let s(b) = b**2 + 7*b + 4. Let a be s(-6). Let l = a - -26. Calculate the greatest common divisor of 6 and l.
6
Suppose 5*o - 54 = a, -2*a + 0*a = o - 2. Suppose -b = -6*b + o. Suppose b = -h + 2*h, -4*h - 12 = -2*q. Calculate the greatest common factor of q and 10.
10
Suppose -19 = -2*p - 2*b + 1, 1 = -b. Calculate the highest common divisor of 88 and p.
11
Let x be -10 + (-8 + -394)/(-6). What is the highest common divisor of 1178 and x?
19
Suppose 3*o - 6*o + 120 = 0. Let g = 3 + 4. Suppose -5*l = -3*k + 70, g*k - 2*k + l - 98 = 0. Calculate the greatest common divisor of o and k.
20
Let r(q) be the third derivative of 2*q**2 - q**3 + 0*q + 0 + 1/12*q**4. Let m be r(5). Calculate the greatest common divisor of 44 and m.
4
Let a be 31/2*-4*(-5)/2. Let b(h) = h**2 - 8*h - 3. Let p be b(13). Calculate the greatest common divisor of a and p.
31
Suppose 23*w - 592 - 2099 = 0. What is the highest common factor of 195 and w?
39
Let z be 15/(-5)*-1 + 107. Let x = -43 + 87. Calculate the greatest common factor of x and z.
22
Suppose 0 = -6*t + 37 + 5. Suppose 0 = t*s - 20*s + 858. Suppose -2*l + 0*g = -2*g - 98, -195 = -5*l - 5*g. What is the greatest common divisor of s and l?
22
Let f be (256/(-40))/(8/(-20)). What is the greatest common factor of f and 512?
16
Let i be 20 - (10 - (-9)/3). Suppose 0 = -0*c + 3*c. Suppose 5*n = -r + 36, c = 5*r - 5*n + 108 - 408. Calculate the highest common divisor of i and r.
7
Suppose -3 = -6*i + 3. Suppose -j = -5*c - 2*j + 166, -i = -j. What is the highest common divisor of c and 22?
11
Let y(g) = -g**2 - 7*g - 4. Let s be y(-3). Suppose d = 5*q + 6 - 126, 3*d = 5*q - 120. Calculate the highest common divisor of s and q.
8
Suppose 0 = -10*o + 29 - 9. What is the highest common divisor of 58 and o?
2
Let l = 6 + 13. Suppose 0 = -4*d + 53 + 555. What is the greatest common factor of l and d?
19
Let u = -15 - 99. Let w = -49 - u. Calculate the greatest common divisor of 26 and w.
13
Let k be (-11 + 1)*(-2 - -3). Let c be (k - 2)*(-3)/9. Suppose 5*y = -c*z - 0*z + 47, 15 = 5*y. Calculate the greatest common factor of 8 and z.
8
Let y be (72/(-50))/((-3)/(-180))*-5. Calculate the greatest common factor of 16 and y.
16
Suppose 0 = 4*m - 5*x - 617, -3*m + 463 = -14*x + 10*x. Calculate the highest common factor of m and 17.
17
Let j be (12 - 12) + 10/(3 - 1). Calculate the highest common factor of 10 and j.
5
Let k(h) = -h**3 + 16*h**2 + 19*h + 14. Let l(u) = -5*u + 2. Let t be l(-3). Let x be k(t). What is the highest common factor of x and 12?
12
Let s be 2431/77 - (-5)/((-35)/4). Calculate the highest common factor of s and 837.
31
Let n = 0 - -2. Let q(k) = -5*k + 60. Let z be q(11). Suppose 0 = 3*u + 2 - z. What is the highest common divisor of n and u?
1
Let r(k) = 184*k**2 + 20*k - 17. Let b be r(2). Calculate the greatest common divisor of b and 99.
33
Suppose -5*m + 0*m + 50 = 0. Suppose -147 = -m*i - 7. Calculate the highest common factor of i and 14.
14
Let m(q) = q**3 + 13*q**2 + 28*q - 8. Let f be m(-10). Calculate the highest common factor of f and 444.
12
Let q = -1110 - -1140. Suppose -2*k + 7*k + g - 1202 = 0, -964 = -4*k - 2*g. Calculate the greatest common divisor of q and k.
30
Let l(g) = 31*g + 11. Let v be l(4). What is the greatest common factor of v and 15?
15
Let k be ((-35)/21)/((-4)/12). Suppose 3*z + k*r = 126 - 37, -5*r = -5*z + 135. What is the greatest common divisor of z and 8?
4
Let l = -267 + 342. Let v = 7 - -8. What is the highest common divisor of l and v?
15
Suppose -8 = 2*v - 28. Suppose -v*r - 140 = -12*r. Calculate the greatest common divisor of 10 and r.
10
Suppose -9 = 7*k - 30. Let w = -2 + 11. Calculate the highest common factor of w and k.
3
Let u = 113 - 79. Calculate the greatest common divisor of u and 374.
34
Let b = -871 - -1553. Calculate the greatest common factor of b and 11.
11
Let u be (24 - -2)*57/2. What is the greatest common factor of u and 19?
19
Let u be 2*((-15)/6)/(-1). Let o = -30 - -45. What is the greatest common divisor of o and u?
5
Let j = 1336 - 1228. Calculate the highest common factor of 468 and j.
36
Let s = 421 - 296. Calculate the highest common factor of s and 10.
5
Suppose 2*j = 10, -3*j + 48 = 5*p - 1167. Calculate the highest common divisor of p and 60.
60
Let m = -4 + 6. Suppose 15 = 3*p + 2*p. Calculate the greatest common divisor of p and m.
1
Suppose 2*v + 4 = 0, 16 = 5*o + v - 4*v. Suppose 42 = o*i + 2*l, 3*l = 2*i + l - 30. What is the highest common factor of i and 162?
18
Let l(a) = a**2 + 13*a**2 + 10*a**2. Let q be l(-1). Let r be (-144)/14*(-11)/(-154)*-49. What is the greatest common factor of r and q?
12
Suppose 0 = -12*y + 1293 + 2955. What is the greatest common divisor of y and 24?
6
Let v(n) = 16*n**3 - 2*n**2 + 3*n - 2. L